+ 3994. Calculate f(121).
1
Let h(w) = 3*w**3 - 543*w**2 - 17*w + 3041. Give h(181).
-36
Let w(q) = -21*q**2 + 204*q + 40. What is w(10)?
-20
Let t(w) = -w**2 - 472*w + 3838. Give t(8).
-2
Let d(h) = -178*h + 10779. Calculate d(61).
-79
Let x(b) = -6*b**2 + 319*b + 2929. Determine x(-8).
-7
Let z(r) = 3*r**2 - 238*r + 392. Give z(78).
80
Let k(j) = -210*j + 5531. What is k(26)?
71
Let z(p) = p**3 + 575*p**2 - 1158*p - 3. Give z(2).
-11
Let i(j) = 206*j + 5575. Calculate i(-27).
13
Let m(n) = n**2 + 25*n + 134. What is m(-6)?
20
Let i(p) = p**3 - 13*p**2 - 29*p - 25. Calculate i(15).
-10
Let t(f) = -27*f**2 - 21*f + 55. Determine t(-2).
-11
Let k(r) = 78*r + 602. Calculate k(-8).
-22
Let x(j) = 9*j**2 + 108*j + 74. Determine x(-12).
74
Let t(s) = s**3 - 213*s**2 + 843*s - 1462. Determine t(209).
1
Let x(v) = 4*v**3 + 11*v**2 - 2*v - 6. Determine x(-5).
-221
Let b(k) = -k**2 + 3*k + 18. Determine b(9).
-36
Let f(g) = -2*g**3 - 14*g**2 + 3*g. Determine f(-6).
-90
Let h(c) = c**3 - 11*c**2 - 11*c + 24. Give h(11).
-97
Let n(m) = 40*m - 629. Calculate n(29).
531
Let m(v) = -3*v**3 - 11*v**2 + 4*v - 7. Give m(-4).
-7
Let d(p) = 281*p - 1722. Calculate d(7).
245
Let s(t) = t**3 + 7*t**2 - 21*t + 23. Calculate s(-10).
-67
Let o(h) = -h**3 - 10*h**2 - 16*h - 121. Give o(-5).
-166
Let a(j) = -j**2 + 68*j - 459. Determine a(55).
256
Let m(t) = 3*t**2 + 34*t - 301. Calculate m(10).
339
Let m(d) = d**3 - 29*d**2 + 106*d - 75. Give m(25).
75
Let n(r) = -9*r**2 - 38*r + 27. Give n(-11).
-644
Let m(z) = -5*z**2 + 65*z - 73. What is m(12)?
-13
Let n(s) = -359*s + 281. What is n(1)?
-78
Let n(a) = 30*a**2 - 109*a + 82. What is n(1)?
3
Let c(g) = 24*g - 690. Calculate c(27).
-42
Let r(u) = -312*u + 1545. Give r(5).
-15
Let r(o) = -4*o**3 + 7*o**2 + 6*o + 30. What is r(6)?
-546
Let f(h) = 34*h + 1648. Give f(-48).
16
Let p(t) = -2*t**3 - 29*t**2 - 59*t - 629. Determine p(-14).
1
Let n(v) = v**3 - 72*v**2 - 11*v + 663. Determine n(72).
-129
Let j(l) = 15*l**3 + 47*l**2 + 63*l + 15. Give j(-1).
-16
Let f(i) = i**3 + 4*i**2 - 8*i - 3. Determine f(4).
93
Let i(r) = -r**3 + 96*r**2 + 599*r + 1321. Calculate i(102).
-5
Let n(v) = 2*v**2 + 209*v + 5436. Determine n(-48).
12
Let n(g) = 25*g - 1155. Determine n(46).
-5
Let h(l) = -9*l**2 + 73*l + 914. What is h(15)?
-16
Let h(k) = 1130*k + 12450. Calculate h(-11).
20
Let s(m) = -105*m + 63004. Determine s(600).
4
Let p(a) = 3*a**2 + 38*a - 301. Calculate p(-26).
739
Let m(c) = c**2 - 14*c - 416. Determine m(-15).
19
Let h(q) = -q - 216. What is h(11)?
-227
Let f(k) = -35*k**2 - 60*k - 48. Calculate f(-2).
-68
Let s(d) = 26*d - 602. Calculate s(23).
-4
Let q(x) = x**3 - 15*x**2 + 30*x - 5. What is q(9)?
-221
Let k(j) = 74*j - 936. Give k(13).
26
Let i(g) = -g**3 + 2*g**2 - 2*g + 53. What is i(0)?
53
Let s(c) = 5351*c + 246138. Calculate s(-46).
-8
Let t(i) = 672*i + 9. Give t(0).
9
Let o(r) = -30*r**3 + 4*r**2 - 18*r + 31. What is o(2)?
-229
Let l(f) = 285*f + 15310. Determine l(-54).
-80
Let i(z) = -z**3 + 48*z**2 - 253*z + 44. Calculate i(42).
2
Let w(q) = -3*q**3 - 13*q**2 + 276*q + 2. What is w(-12)?
2
Let s(d) = 517*d - 9294. What is s(18)?
12
Let u(i) = 29*i + 195. Calculate u(0).
195
Let w(i) = -i**2 + 19*i - 79. What is w(14)?
-9
Let q(t) = -145*t - 2022. What is q(-14)?
8
Let u(k) = 56*k + 205. Calculate u(-6).
-131
Let m(v) = -v**2 + 2*v + 780. Determine m(29).
-3
Let n(r) = 2*r**2 + 76*r - 2813. What is n(-61)?
-7
Let b(o) = -o**3 - 8*o**2 + 6*o + 8. What is b(-9)?
35
Let p(h) = 635*h + 27314. What is p(-43)?
9
Let w(d) = d**3 + 177*d**2 + 859*d - 160. Give w(-172).
12
Let t(u) = -590*u + 7076. What is t(12)?
-4
Let k(d) = d**3 - 25*d**2 - 33*d + 26. What is k(26)?
-156
Let r(m) = m**3 + 135*m**2 + 4520*m + 362. Calculate r(-61).
-4
Let g(u) = -u**3 - u**2 + 2*u - 304. What is g(0)?
-304
Let z(c) = 3*c**2 + 39*c - 1005. Give z(13).
9
Let f(i) = -78*i + 23. Determine f(-4).
335
Let j(u) = 5*u + 503. What is j(3)?
518
Let w(a) = a**2 + 38*a + 104. Calculate w(-35).
-1
Let a(s) = -2*s**3 - 113*s**2 + 55*s - 124. Calculate a(-57).
-10
Let w(p) = -p**2 - 108*p - 1245. Determine w(-14).
71
Let z(i) = 12*i**2 + 10*i - 38. Give z(-6).
334
Let z(h) = -h**2 - 15*h + 173. Give z(-23).
-11
Let p(v) = 21*v**2 + 275*v - 11. Calculate p(-13).
-37
Let o(x) = x**3 + 5*x**2 - 9*x + 15. Calculate o(-7).
-20
Let g(i) = 62*i + 206. Calculate g(-4).
-42
Let q(k) = -35*k + 1. Give q(-3).
106
Let j(h) = 158*h + 529. What is j(-3)?
55
Let i(l) = -619*l - 126271. Give i(-204).
5
Let t(u) = u**2 + 253*u - 11737. Calculate t(40).
-17
Let u(w) = -w**3 - 48*w**2 - 18*w + 1354. Calculate u(-47).
-9
Let g(z) = -z**3 - 51*z**2 - 77*z + 1022. Calculate g(-49).
-7
Let r(o) = -o**3 + 16*o**2 - 60*o + 267. Determine r(13).
-6
Let y(t) = t**3 - 14*t**2 + 36*t - 176. What is y(12)?
-32
Let p(k) = 4*k**2 + 1. Determine p(-2).
17
Let w(y) = -y**3 - 18*y**2 + 32*y + 19. What is w(-19)?
-228
Let w(v) = -v**2 + 25*v - 123. Calculate w(7).
3
Let i(o) = -20*o + 798. Calculate i(40).
-2
Let p(a) = a**3 + 36*a**2 - 60*a + 634. Calculate p(-38).
26
Let b(c) = -c**3 + 2*c**2 + 65*c + 17. Determine b(-7).
3
Let z(b) = -31*b - 762. Determine z(-22).
-80
Let u(j) = -j**3 - 6*j**2 - 13*j - 36. What is u(-5)?
4
Let s(k) = -40*k**2 + 20*k + 6. Determine s(-3).
-414
Let n(l) = -11*l**3 + 2*l**2 + 6*l + 2. Give n(-2).
86
Let o(i) = 2*i**3 - 111*i**2 + 50*i + 296. Determine o(55).
21
Let l(o) = 157*o - 533. Determine l(3).
-62
Let u(f) = f**3 - 51*f**2 - 3*f + 151. Give u(51).
-2
Let s(i) = 32*i - 1236. Determine s(34).
-148
Let y(x) = -2*x**2 + 41*x - 25. Give y(0).
-25
Let n(b) = -104*b - 89. Determine n(-1).
15
Let k(b) = -13*b + 283. What is k(41)?
-250
Let z(j) = j**2 - 45*j - 759. Determine z(-13).
-5
Let y(x) = 12*x**3 - 2097*x**2 - 528*x + 520. Calculate y(175).
-5
Let o(l) = -739*l - 4857. Calculate o(-7).
316
Let t(r) = -r**3 + 45*r**2 - 19*r + 745. Give t(45).
-110
Let b(y) = 268*y**2 - 8*y + 7. Calculate b(1).
267
Let p(w) = -2*w**3 - 9*w**2 - 93*w - 162. What is p(-2)?
4
Let v(r) = -93*r - 1771. Give v(-19).
-4
Let m(z) = z**3 + 17*z**2 - 61*z - 1387. Give m(-15).
-22
Let b(a) = 118*a + 1355. What is b(-11)?
57
Let h(m) = 2*m**2 + 189*m + 1975. Determine h(-12).
-5
Let a(x) = 2*x**2 - 4429*x + 48471. Calculate a(11).
-6
Let c(z) = z**3 + 6*z**2 - 31*z - 54. Give c(5).
66
Let n(g) = 64*g + 948. Calculate n(-8).
436
Let v(j) = -j**3 + 8*j**2 - 48*j + 292. What is v(7)?
5
Let a(i) = -77*i - 401. Calculate a(-6).
61
Let m(u) = -u**3 + 35*u**2 + 113*u - 29. Determine m(38).
-67
Let g(s) = -180*s - 34738. What is g(-193)?
2
Let g(k) = k**3 + 34*k**2 + 163*k - 149. Calculate g(-28).
-9
Let l(y) = -7*y**2 - 11*y + 10. What is l(7)?
-410
Let n(o) = -o**2 + 2*o + 42. What is n(-13)?
-153
Let t(v) = 750*v**3 + 4500*v**2 - v - 11. Calculate t(-6).
-5
Let z(j) = 20*j**2 - 40*j + 269. What is z(5)?
569
Let w(y) = 33*y**2 - 740*y + 266. What is w(22)?
-42
Let y(v) = -v**3 + 11*v**2 + 33*v - 357. What is y(9)?
102
Let q(h) = 630*h + 8170. What is q(-13)?
-20
Let v(l) = -1044*l + 7298. Give v(7).
-10
Let k(g) = -g**3 + 39*g**2 - 34*g - 41. What is k(38)?
111
Let t(v) = -194*v**2 - 21536*v - 221. Give t(-111).
1
Let p(l) = l**3 + 29*l**2 + 20*l - 142. Calculate p(-28).
82
Let r(i) = 2*i**3 + 160*i**2 - 294*i - 10689. Determine r(-81).
3
Let o(x) = 4*x**3 - 3*x**2 + 8*x - 3. Give o(2).
33
Let m(k) = 826*k - 4195. What is m(5)?
-65
Let c(d) = -2*d**2 + 1594*d + 79330. Give c(-47).
-6
Let j(n) = -n**3 - 55*n**2 - 756*n - 66. Determine j(-29).
-8
Let q(v) = 8998*v - 215959. Calculate q(24).
-7
Let l(c) = c**3 + 9*c**2 + 15*c + 4. Give l(-6).
22
Let h(x) = x**2 - 90*x - 1954. Determine h(108).
-10
Let i(g) = g + 104. Give i(-18).
86
Let d(q) = -282*q**2 - 1697*q - 42. Calculate d(-6).
-12
Let q(u) = u**3 - 9*u**2 + 37*u - 11. Determine q(0).
-11
Let u(h) = -h**3 + 52*h**2 - 51*h - 98. Give u(51).
-98
Let c(z) = 18*z - 1579. Determine c(86).
-31
Let w(m) = -210*m + 1621. Calculate w(8).
-59
Let l(n) = 2*n**3 + 5*n**2 - 15*n + 8. Determine l(-5).
-42
Let y(i) = i**3 + 10*i**2 + 23*i + 2. Calculate y(-4).
6
Let y(u) = 8*u**2 + 173*u + 48. What is y(-20)?
-212
Let f(c) = 5*c**2 - 65*c + 51. Give f(12).
-9
Let f(d) = d**3 - 39*d**2 + 67*d - 4264. Give f(40).
16
Let n(v) = v**2 - 